be h(-7). What is the hundreds digit of 108/d*(-3)/((-9)/(-124))?
1
Let l = 0 - 74. Let i = l - -82. Suppose 2*s - 289 = -b, -4*s + 571 = -i*b + 3*b. What is the units digit of s?
4
Let z(o) = -3*o**2 - 5*o**2 + 6*o**2 + 26 + 11*o + o**2. Let d be z(13). Suppose 3*f - 6*f = 3*u - 279, 2*u - 2*f - 182 = d. What is the tens digit of u?
9
Suppose -3*m + 662 = -2*q, -5*q + 234 = m - 3*q. Let j(z) = z**3 + 2*z**2 + 3*z - 4. Let x be j(-5). Let f = m + x. What is the hundreds digit of f?
1
What is the hundreds digit of (-10 + 9)*-2*(-618255)/(-22)?
2
Suppose 896771 = 177*m - 4433044 - 1812312. What is the units digit of m?
1
Let k(m) = 354*m + 217. Let r be k(8). Suppose -r - 9447 = -8*v. What is the thousands digit of v?
1
Let z be 1/(-2)*(-210 - (-9 + 17)). Let k = 909 + z. What is the thousands digit of k?
1
Let w = 295 - -97. Let l = w - -384. What is the hundreds digit of l?
7
Suppose 2*k + 9*v - 4*v - 18 = 0, 4*k = 3*v + 36. Suppose 2*p + 1771 = k*p. What is the tens digit of p?
5
Let s = 10 + -7. Let v(a) be the third derivative of a**6/120 - 11*a**3/6 + 1320*a**2. What is the units digit of v(s)?
6
Let o be (-3)/(-1)*(0 - (-55)/33). Suppose o*q + 2*j = 2562, 0 = -q - 5*j + 6*j + 511. What is the tens digit of q?
1
Suppose 2*l = 5*m + 33 + 5, 2*m = -4*l + 28. What is the units digit of l/(-12) + (-215)/(-4)?
3
Let z be 3 - (3 + 0) - (0 + -1). Let f be -167 + (6 - 1) - z*4. Let s = f - -279. What is the hundreds digit of s?
1
Suppose 0 = 32*h - 84 - 12. Let y(s) = 23*s**3 + 3*s - 6. What is the tens digit of y(h)?
2
Let n(z) be the third derivative of -19*z**4/24 + 11*z**3/3 - 40*z**2. Let b be n(-6). Let w = -79 + b. What is the tens digit of w?
5
Suppose -5*f + b = -122, 0*b + 66 = 3*f - 3*b. Suppose 5*s = -w + f, -w - 2*w + 7 = -2*s. Suppose -2*d - 32 = -s*d. What is the units digit of d?
6
Suppose -x + 10 = 5*k, 4 = 3*x - 2*k - 9. Suppose 881 = 2*j - x*v, j + 2*j + 3*v = 1332. What is the hundreds digit of j?
4
Suppose -56*l + 10*l + 158609 = -872343. What is the thousands digit of l?
2
Let r be (-4)/5 - 742/35. Let o = r - -24. Suppose -4*q - 3*w = q - 323, 0 = o*w + 8. What is the units digit of q?
7
Let l(i) = -8*i**3 - 7*i**2 - 20*i + 7. Let y(u) = u + 18. Let w be y(-21). What is the hundreds digit of l(w)?
2
Suppose -2*u - 4*h = u - 152, 5*u + h = 242. Suppose -s + 80 = 5*a - 0*a, -5*s = 3*a - u. What is the units digit of a?
6
Let b(w) = 19*w**2 - 5*w - 1843. What is the units digit of b(44)?
1
Let x be (-17)/68 - 13593/12. Let u = -639 - x. What is the tens digit of u?
9
What is the units digit of 5348/((76/(-18) - -4)/(11/(-99)))?
4
Suppose -2*c - 3*c = -4500. What is the units digit of c?
0
Suppose 8*j - 393 = -377. Suppose 5*t - 2610 = -4*f, -6*t + 8*t = -j*f + 1046. What is the units digit of t?
8
Let k(g) = 208*g**2 + 1585*g - 11. What is the hundreds digit of k(-21)?
4
Let v = -44 + 45. Let f be (-11)/(-2)*v + (-3)/(-6). Suppose 214 = f*r - 422. What is the tens digit of r?
0
Let x(z) = -8*z - 10*z + 3 + 20*z + 27*z**2 + 0. Let a be x(3). Suppose t + 3*t = -3*s + a, -s + 95 = 5*t. What is the units digit of s?
0
Let p = 70 - 64. Let h(u) = -u**3 + 7*u**2 - 7*u - 1. Let t be h(p). Let a(n) = 2*n**2 + 16*n + 15. What is the units digit of a(t)?
1
Suppose t - 4*n - 12 = 0, 4*n - 3 - 9 = -5*t. Suppose -t + 14 = 2*s. Suppose -2*m - 2 = -0, 557 = s*o - 2*m. What is the tens digit of o?
1
Suppose 464 = 3*r - 2*k, 466 = 5*r + 3*k - 339. Suppose 0 = 163*q - r*q - 2850. What is the hundreds digit of q?
5
Let j(c) = 66*c**2 + 59*c + 376. What is the ten thousands digit of j(-15)?
1
Let a(h) = 6014*h**2 - 43*h + 148. What is the thousands digit of a(3)?
4
Suppose 8*q - 58 = -18. Suppose 1111 + 119 = q*f. What is the tens digit of f?
4
Suppose 390 = 5*f + 5*r, -4*f - 2*r = -336 + 16. Let q(m) = m**2 + 5*m + 1. Let y be q(0). Let g = f + y. What is the tens digit of g?
8
Let m(k) = -24*k + 13. Let t(r) = r. Let z(u) = -m(u) - 4*t(u). Suppose 0 = -7*v + 4*v + 27. What is the tens digit of z(v)?
6
Let d = -88 - -85. Let m(n) = 10*n**2 - 4*n + 6. Let l be m(d). Let s = 346 - l. What is the units digit of s?
8
Let y = 1858 - -12997. What is the thousands digit of y?
4
Let i(o) = 406*o**2 + 886*o - 11506. What is the ten thousands digit of i(13)?
6
Let b(y) = 257 - 252 + 3*y**2 - 2*y - 3*y**3 - 16*y**3. What is the hundreds digit of b(-3)?
5
Let r(c) = -6*c**3 + c**2. Let y be r(-1). Suppose y*p = 3*p + 5*i + 197, 100 = 2*p - 4*i. Suppose o - 6*o = 5, -2*o = 2*h - p. What is the units digit of h?
5
Let c be (-4 - (-5 + -4)) + 16. Suppose c*p - 630 = 30*p. Let l = 83 + p. What is the tens digit of l?
1
Suppose 29 = -8*g - 3. Let l(o) = 3*o**2 - 10*o + 8. Let s(c) = -3*c**2 + 9*c - 8. Let z(d) = g*s(d) - 3*l(d). What is the tens digit of z(6)?
8
Suppose 58 - 487 = -11*g. Let i = -29 + g. Let k(m) = 3*m**2 - 12*m + 9. What is the tens digit of k(i)?
8
Let c = 1474 + -747. Suppose c + 4025 = 8*m. What is the tens digit of m?
9
Suppose -5*c - j = -181998, 90*j - 85*j + 182040 = 5*c. What is the thousands digit of c?
6
Let n be 2/((-2)/(-5)) + -5 - -10. Suppose -c = 2*s + n - 931, -c + 2307 = 5*s. What is the units digit of s?
2
Let n = -13171 + 22478. What is the tens digit of n?
0
Suppose -1097*x + 1105*x - 144 = 0. Let u(g) be the first derivative of g**3/3 - 9*g**2/2 - 26*g - 3. What is the units digit of u(x)?
6
Let r(p) = 210*p - 365. What is the ten thousands digit of r(64)?
1
Let k(x) = 2751*x - 2906. What is the thousands digit of k(12)?
0
Let o = 476 + 616. Let x = -548 + o. What is the tens digit of x?
4
Let x = 10661 + -3701. What is the units digit of x?
0
Let z = -2391 + 10198. What is the hundreds digit of z?
8
Let j = 62774 - 31559. What is the ten thousands digit of j?
3
Let u(f) = 301*f**2 - 37*f - 119. What is the hundreds digit of u(-3)?
7
Let s(l) = 27*l - 100. Let q be s(4). Suppose 0 = 16*t - q*t - 6152. What is the tens digit of t?
6
Let k = 168 + -165. Suppose -8*f + 1455 = -k*f. What is the tens digit of f?
9
Let x be (5/2)/(3/18). Suppose 0 = 5*h - 2*k - 15, -8*h + 5*k = -6*h + x. Suppose 2*y + 3*t = 5, -y + 15 - h = -t. What is the units digit of y?
7
Let u = 4017 + -1045. What is the tens digit of u?
7
Let j = 27343 - -2198. What is the units digit of j?
1
Let y = 3734 - -3188. What is the units digit of y?
2
Suppose -337*z - 20 = -341*z. Suppose -3*l + 692 = -z*m, -2*l - 2*m + 470 = -m. What is the units digit of l?
4
Suppose -4*q + 2*i + 8 = -2*i, -4*i = -q - 7. Suppose -3*n = v - 5*v, -v = q*n. Suppose v = z + z - 16. What is the units digit of z?
8
Suppose 2122 = 3*w - l, -2*w + 4*l + 1442 - 44 = 0. Suppose 5*f = 11*f - 54. Suppose 587 + w = f*x. What is the hundreds digit of x?
1
Let k(n) = 6*n**2 + 32 + 33 - 35. What is the thousands digit of k(-16)?
1
Let t(n) = -6*n - 33. Let m(z) be the first derivative of -z - 18. Let s(k) = 2*m(k) - t(k). What is the tens digit of s(23)?
6
Suppose 5*t - 12 - 3 = 0, -3*t = -4*a - 569. Let u = 3 - a. What is the hundreds digit of u?
1
Let s = 53 + 191. Let i = s - 13. What is the tens digit of i?
3
Let w = -173 + 181. Suppose w*t - 7*t + 2516 = 5*p, p = -t + 508. What is the units digit of p?
4
Suppose 3*k - 187 - 294 = -5*c, 4*k = -5*c + 478. Let n = 189 - c. What is the tens digit of n?
9
Let h = 28 + -26. Suppose s = 0, -4*m = -s + h*s. Suppose v + 2*v - 198 = m. What is the units digit of v?
6
Let t(z) = 3*z**2 - 13*z - 22. Let p be t(11). Suppose -2*n + p = -n. Suppose -3*c = -0*l + l - n, 3*l = 4*c - 251. What is the tens digit of c?
6
Let c(q) = -7*q**2 - 33*q + 8. Let d(l) = -3*l**2 - 16*l + 4. Let m be 1/((15/12)/(-5)). Let n(z) = m*c(z) + 9*d(z). What is the hundreds digit of n(-6)?
1
What is the hundreds digit of ((-4)/(-10))/((-15)/(-47850))?
2
What is the units digit of (-72)/(-30) - 3 - 6740/(-25)?
9
Suppose -1 = -4*l + 3. Let q be 153/l - (-12 - -12). Let f = 256 - q. What is the units digit of f?
3
Suppose -3*m + 87 = -3*x + 459, -3*m = 4*x - 489. Let b = x + -205. What is the units digit of (b - 0)/(-2)*22/11?
2
Suppose 25*s - 12 = 19*s. Suppose -g - 17 + 93 = -s*w, -5*g - w = -358. What is the tens digit of g?
7
Suppose 0 = 5*m - 2*o - 3*o + 260, 0 = 5*m + o + 230. Let b = 319 + m. What is the tens digit of b?
7
Let l = 26 + -21. Suppose 5*u = l*w + 130, -4